-15
Let j(n) = -4494*n - 13431. What is j(-3)?
51
Let a(g) = g**2 - 48355*g - 1500005. Determine a(-31).
-39
Let a(f) = -2*f**2 + 3390*f + 37563. What is a(-11)?
31
Let t(x) = x**2 + 35736*x - 3. Determine t(0).
-3
Let w(b) = -4*b**2 + 21145*b - 211260. What is w(10)?
-210
Let r(t) = -22128*t + 420442. Give r(19).
10
Let h(i) = -18*i**3 + 6*i**2 - 2*i - 26. What is h(5)?
-2136
Let f(m) = -1130*m**2 + 73501*m - 3314. Give f(65).
1
Let m(d) = 3*d**2 + 845*d - 822317. Calculate m(-683).
15
Let i(n) = 2*n**3 - 105*n**2 + 25*n + 1430. Give i(52).
26
Let l(c) = -3*c**2 + 407*c + 3841. Calculate l(146).
-685
Let m(g) = g**2 - 9*g - 518. Determine m(-28).
518
Let z(i) = -i**3 + 26*i**2 + 442*i + 1179. Calculate z(-7).
-298
Let d(o) = o**3 - 214*o**2 - 553*o + 25519. What is d(216)?
-617
Let l(m) = -10771*m + 775510. Calculate l(72).
-2
Let q(m) = 530*m - 12719. Calculate q(24).
1
Let u(h) = 8*h**2 + 219*h - 34. What is u(-29)?
343
Let b(o) = -o**3 + 33*o**2 - 245*o + 55. Give b(14).
349
Let z(q) = 51897*q + 155689. Calculate z(-3).
-2
Let f(r) = -832*r - 96528. Give f(-116).
-16
Let x(d) = d**3 + 79*d**2 - 14*d + 11995. Determine x(-81).
7
Let c(x) = 1300471*x + 6502350. What is c(-5)?
-5
Let o(r) = 586*r + 38779. Give o(-63).
1861
Let s(h) = -56*h**2 + 648*h - 358. What is s(11)?
-6
Let p(x) = -39936*x + 199676. Give p(5).
-4
Let v(u) = 735*u - 11102. Give v(17).
1393
Let i(u) = u**2 - 108*u + 2767. Determine i(49).
-124
Let a(c) = 6*c**2 - 1377*c + 68795. Determine a(156).
-1
Let w(o) = -5*o**3 - 21*o**2 + 14*o + 50. Give w(-5).
80
Let a(v) = -24363*v - 3581374. Determine a(-147).
-13
Let m(c) = 187*c**2 - 62*c + 3. What is m(2)?
627
Let q(f) = -171*f + 662. What is q(9)?
-877
Let y(c) = 32*c - 988. Give y(-19).
-1596
Let i(p) = -7*p**2 + 3582*p - 17751. What is i(5)?
-16
Let p(t) = -1570*t + 44277. What is p(28)?
317
Let q(a) = 7945*a - 2383463. Calculate q(300).
37
Let i(g) = -24778*g + 693874. Determine i(28).
90
Let o(b) = 8*b**2 + 36*b - 258. What is o(8)?
542
Let z(w) = w**3 + 89*w**2 - 290*w - 10721. Calculate z(-91).
-893
Let p(l) = 323*l + 41783. Calculate p(-129).
116
Let b(o) = -3*o + 541. Calculate b(108).
217
Let i(m) = 2*m**2 - 381*m - 919705. Calculate i(780).
-85
Let a(u) = 1284*u + 11249. Give a(-10).
-1591
Let x(f) = -270461*f + 14334428. Calculate x(53).
-5
Let z(o) = o**3 + 215*o**2 - 1726*o - 88474. What is z(-221)?
-74
Let q(c) = 178*c**3 + 6*c**2 + 4*c + 141. Determine q(0).
141
Let i(n) = 374*n**2 + 70*n + 259. Calculate i(-3).
3415
Let s(l) = 5445*l + 179688. What is s(-33)?
3
Let k(q) = -q**3 - 47*q**2 - 71*q - 8289. What is k(-49)?
-8
Let m(a) = -6657*a - 46588. Determine m(-7).
11
Let x(a) = -3*a**2 + 985*a - 79024. What is x(189)?
-22
Let p(g) = -29*g**2 + 328*g + 315. Determine p(12).
75
Let c(f) = -14182*f**2 + 85077*f + 1. Give c(6).
-89
Let p(r) = -143519*r - 18944498. What is p(-132)?
10
Let w(k) = -k**3 + 121*k**2 - 257*k + 16240. Give w(120).
-200
Let h(v) = -v**2 + 841*v - 167041. Determine h(321).
-121
Let l(i) = 7*i**3 + 112*i**2 - 148*i - 470. What is l(-17)?
23
Let t(d) = 107*d + 6676. Give t(-72).
-1028
Let j(u) = 14*u**3 - 215*u**2 + 270*u - 98. What is j(14)?
-42
Let p(l) = l**3 + 77*l**2 + 466*l + 18035. Calculate p(-74).
-21
Let t(o) = o**2 - 933*o + 2775. Calculate t(3).
-15
Let a(i) = 2*i**2 + 244*i - 15829. What is a(-169)?
57
Let u(w) = 2*w**2 + 3313*w - 370. What is u(0)?
-370
Let g(y) = -y**3 - 42*y**2 + 1392*y + 9650. What is g(-6)?
2
Let t(s) = -334*s - 55854. Determine t(-169).
592
Let x(b) = 2*b**2 - 7158*b + 332010. Determine x(47).
2
Let i(l) = -3*l**3 + 33*l**2 - 185*l + 65. Calculate i(9).
-1114
Let r(m) = -m**3 + 15*m**2 + 129*m + 613. What is r(-6)?
595
Let x(k) = 2937*k - 188016. Determine x(64).
-48
Let s(w) = 700*w - 168018. Calculate s(241).
682
Let c(v) = -1201*v - 13014. Determine c(-13).
2599
Let z(d) = -62*d**2 + 12106*d - 3127. Give z(195).
-7
Let h(d) = -2*d**2 - 114237*d + 1828306. Calculate h(16).
2
Let g(l) = l**2 - 21258*l - 382917. Determine g(-18).
51
Let u(r) = -89*r + 12604. Give u(145).
-301
Let f(u) = 6*u**2 + 1171*u + 320. Determine f(-195).
125
Let u(i) = -19*i**3 + 1515*i**2 + 403*i + 264. Give u(80).
504
Let n(x) = 21*x**3 + 2*x**2 + 589*x - 1186. Calculate n(2).
168
Let w(g) = 13739*g + 28164. Calculate w(-2).
686
Let p(m) = -m**3 + 264*m**2 - 35*m - 58936. What is p(263)?
1028
Let l(t) = -54*t**2 - 77*t + 708. Give l(3).
-9
Let x(z) = -79*z**2 + 495*z + 4. Determine x(2).
678
Let q(d) = -4*d**2 - 14370*d + 71847. Determine q(5).
-103
Let r(p) = 2*p**2 + 913*p + 49595. What is r(-63)?
14
Let b(n) = -n**2 - 116636*n - 9091526. Calculate b(-78).
-2
Let v(w) = -w**3 - 70*w**2 + 544*w + 41534. Determine v(-69).
-763
Let t(a) = -2925*a - 5605. Give t(-2).
245
Let y(m) = -1979*m**2 - 296852*m - 285. Determine y(-150).
15
Let b(m) = 16943*m - 7099119. Give b(419).
-2
Let m(i) = -3255*i - 13031. What is m(-4)?
-11
Let b(s) = -4*s**3 - 25*s**2 - 2*s - 15. Determine b(-4).
-151
Let a(q) = -53087*q - 17094012. Give a(-322).
2
Let h(w) = 40*w**3 + 166*w**2 + 57*w + 146. Determine h(-4).
14
Let x(a) = 187*a - 33855. What is x(150)?
-5805
Let j(m) = m**2 - 17558*m + 560824. Determine j(32).
-8
Let u(z) = -30389*z - 4558391. Give u(-150).
-41
Let h(z) = 6*z**3 - 2027*z**2 - 8677*z + 43440. What is h(342)?
6
Let w(z) = z**2 + 176*z + 7551. Give w(-96).
-129
Let f(z) = -124*z**2 - 22319*z + 167. Calculate f(-180).
-13
Let w(v) = v**3 + 11*v**2 + 94*v + 344. Determine w(-5).
24
Let s(b) = 71*b**2 - 7873*b - 1119. Calculate s(111).
-231
Let z(y) = -171482*y + 1714816. Give z(10).
-4
Let s(i) = -i**3 - 5*i**2 + 6004*i + 41944. What is s(-7)?
14
Let u(f) = f**3 + 9*f**2 - f - 138. Determine u(-7).
-33
Let p(q) = -q**2 + 315*q + 41012. Determine p(-99).
26
Let f(n) = 4*n**2 + 65*n - 920. Determine f(-28).
396
Let p(o) = 3*o**3 + o**2 + 44*o - 43. What is p(-5)?
-613
Let z(o) = -380*o - 62322. What is z(-164)?
-2
Let z(f) = -2*f**2 + 565*f - 19581. What is z(242)?
21
Let s(h) = 31*h**2 + 3526*h + 119. What is s(-114)?
1031
Let c(p) = -9*p**2 + 85879*p - 343405. Give c(4).
-33
Let k(q) = -2*q**2 - 85*q + 42379. Give k(122).
2241
Let l(o) = -o**3 - 139*o**2 - 3832*o + 519. Calculate l(-101).
-87
Let l(r) = 6239*r + 43679. What is l(-7)?
6
Let n(c) = -5*c**2 - 60*c + 546. Give n(-23).
-719
Let h(s) = 3681*s + 1299395. Calculate h(-353).
2
Let i(b) = -b**3 + 42*b**2 + 180*b - 4028. Determine i(44).
20
Let m(d) = 2*d**2 - 19791*d + 217457. Calculate m(11).
-2
Let h(u) = 2180*u**2 - 67603*u + 704. Determine h(31).
-9
Let o(f) = -f**2 + 28235*f - 1746733. Calculate o(62).
-7
Let u(m) = -109*m - 383. Calculate u(-9).
598
Let h(n) = -n**3 + 3*n**2 + 119*n - 451. What is h(10)?
39
Let z(w) = -w**3 + 299*w**2 - 18451*w + 616. Calculate z(87).
7
Let v(n) = n**3 + 5*n**2 + 1063*n + 6413. Calculate v(-6).
-1
Let i(k) = k**3 + 128*k**2 + 2315*k - 11119. What is i(-27)?
5
Let w(u) = 53*u**2 - 6330*u + 17. Determine w(119).
-2720
Let i(f) = 5681*f + 57394. Calculate i(-10).
584
Let h(t) = -t**3 - 29*t**2 + 142*t + 573. Calculate h(-33).
243
Let u(r) = 2*r**3 + 11*r**2 + 134*r + 850. What is u(-6)?
10
Let f(p) = -p**2 + 26*p + 3936. Calculate f(76).
136
Let h(w) = w**3 - 71*w**2 + 278*w + 52. Give h(67).
722
Let a(m) = m**3 - 260*m**2 + 3671*m + 977. Determine a(245).
-3
Let v(n) = -n**2 + 227*n + 765. What is v(0)?
765
Let d(q) = q**2 + 3573*q - 188486. Determine d(52).
14
Let w(r) = 421*r - 2462. Determine w(9).
1327
Let j(q) = -2306*q - 53495. Give j(-23).
-457
Let a(z) = 12*z**3 - 554*z**2 + 107*z + 158. What is a(46)?
848
Let o(g) = -14*g**3 + 301*g**2 - 148*g + 135. Determine o(21).
114
Let y(m) = 3*m**3 - 29*m**2 - 129*m - 4147. Calculate y(17).
18
Let r(g) = -85126*g + 34220657. Determine r(402).
5
Let a(y) = y**2 + 67061*y - 1140364. Determine a(17).
-38
Let f(d) = 17656*d - 88277. Calculate f(5).
3
Let p(a) = a**3 - 607*a**2 + 46101*a + 73. Determine p(89).
-16
Let o(u) = -13*u**2 - 24130*u - 72273. Determine o(-3).
0
Let l(i) = 21924*i + 87634. Give l(-4).
-62
Let c(y) = 41*y**2 + 4840*y + 347. Give c(-118).
111
Let q(k) = 4*k**3 + 13*k**2 - 2*k - 40. Determine q(2).
40
Let t(l) = -13932*l - 41832. Calculate t(-3).
-36
Let p(q) = 2*q**3 + 389*q**2 + 3511*q - 1452. Calculate p(-185).
-712
